 the remainder when 899 is divided by 204?
83
What is the remainder when 232 is divided by 70?
22
Calculate the remainder when 744 is divided by 17.
13
Calculate the remainder when 2794 is divided by 112.
106
What is the remainder when 1234 is divided by 2?
0
Calculate the remainder when 288 is divided by 98.
92
What is the remainder when 1198 is divided by 50?
48
Calculate the remainder when 167 is divided by 24.
23
What is the remainder when 102 is divided by 100?
2
What is the remainder when 1347 is divided by 446?
9
What is the remainder when 7092 is divided by 2360?
12
What is the remainder when 299 is divided by 82?
53
Calculate the remainder when 5710 is divided by 2851.
8
Calculate the remainder when 1266 is divided by 141.
138
Calculate the remainder when 8098 is divided by 50.
48
Calculate the remainder when 1048 is divided by 348.
4
What is the remainder when 1392 is divided by 341?
28
Calculate the remainder when 231 is divided by 24.
15
Calculate the remainder when 16523 is divided by 108.
107
What is the remainder when 257 is divided by 37?
35
Calculate the remainder when 261 is divided by 53.
49
What is the remainder when 4691 is divided by 1172?
3
What is the remainder when 142 is divided by 36?
34
Calculate the remainder when 8 is divided by 2.
0
What is the remainder when 149 is divided by 47?
8
Calculate the remainder when 544 is divided by 55.
49
What is the remainder when 76 is divided by 40?
36
What is the remainder when 81 is divided by 24?
9
What is the remainder when 96 is divided by 7?
5
Calculate the remainder when 717 is divided by 8.
5
What is the remainder when 198 is divided by 25?
23
Calculate the remainder when 2314 is divided by 122.
118
Calculate the remainder when 221 is divided by 213.
8
What is the remainder when 140 is divided by 13?
10
What is the remainder when 241 is divided by 78?
7
What is the remainder when 4855 is divided by 8?
7
What is the remainder when 105 is divided by 14?
7
Calculate the remainder when 6326 is divided by 19.
18
What is the remainder when 3791 is divided by 190?
181
Calculate the remainder when 61 is divided by 16.
13
Calculate the remainder when 234 is divided by 28.
10
Calculate the remainder when 686 is divided by 195.
101
Calculate the remainder when 616 is divided by 267.
82
What is the remainder when 2023 is divided by 561?
340
What is the remainder when 525 is divided by 31?
29
What is the remainder when 148 is divided by 8?
4
Calculate the remainder when 604 is divided by 6.
4
What is the remainder when 92 is divided by 40?
12
Calculate the remainder when 68 is divided by 27.
14
Calculate the remainder when 118 is divided by 42.
34
Calculate the remainder when 1822 is divided by 910.
2
What is the remainder when 148 is divided by 19?
15
Calculate the remainder when 606 is divided by 52.
34
Calculate the remainder when 840 is divided by 60.
0
What is the remainder when 595 is divided by 25?
20
What is the remainder when 40 is divided by 19?
2
Calculate the remainder when 367 is divided by 9.
7
What is the remainder when 637 is divided by 162?
151
What is the remainder when 39 is divided by 19?
1
Calculate the remainder when 7635 is divided by 166.
165
Calculate the remainder when 5868 is divided by 2929.
10
What is the remainder when 3189 is divided by 84?
81
What is the remainder when 278 is divided by 55?
3
Calculate the remainder when 1612 is divided by 184.
140
What is the remainder when 757 is divided by 255?
247
What is the remainder when 4829 is divided by 70?
69
What is the remainder when 3371 is divided by 560?
11
Calculate the remainder when 401 is divided by 13.
11
What is the remainder when 3119 is divided by 80?
79
Calculate the remainder when 4858 is divided by 27.
25
What is the remainder when 196 is divided by 61?
13
Calculate the remainder when 58 is divided by 31.
27
Calculate the remainder when 132 is divided by 51.
30
Calculate the remainder when 67 is divided by 32.
3
What is the remainder when 119 is divided by 26?
15
Calculate the remainder when 862 is divided by 32.
30
Calculate the remainder when 2820 is divided by 13.
12
Calculate the remainder when 270 is divided by 16.
14
Calculate the remainder when 653 is divided by 131.
129
What is the remainder when 1414 is divided by 349?
18
What is the remainder when 650 is divided by 21?
20
Calculate the remainder when 736 is divided by 83.
72
What is the remainder when 825 is divided by 32?
25
What is the remainder when 286 is divided by 253?
33
What is the remainder when 774 is divided by 31?
30
Calculate the remainder when 2313 is divided by 145.
138
Calculate the remainder when 1328 is divided by 53.
3
Calculate the remainder when 733 is divided by 5.
3
What is the remainder when 2177 is divided by 723?
8
What is the remainder when 171 is divided by 87?
84
What is the remainder when 509 is divided by 130?
119
What is the remainder when 1395 is divided by 56?
51
What is the remainder when 268 is divided by 43?
10
Calculate the remainder when 240 is divided by 41.
35
Calculate the remainder when 317 is divided by 110.
97
What is the remainder when 97 is divided by 52?
45
Calculate the remainder when 744 is divided by 108.
96
What is the remainder when 1573 is divided by 25?
23
Calculate the remainder when 417 is divided by 28.
25
What is the remainder when 80 is divided by 36?
8
What is the remainder when 1255 is divided by 7?
2
Calculate the remainder when 4481 is divided by 6.
5
What is the remainder when 2847 is divided by 89?
88
What is the remainder when 516 is divided by 145?
81
Calculate the remainder when 434 is divided by 37.
27
Calculate the remainder when 120 is divided by 45.
30
What is the remainder when 592 is divided by 39?
7
Calculate the remainder when 4430 is divided by 233.
3
Calculate the remainder when 484 is divided by 40.
4
What is the remainder when 115 is divided by 80?
35
Calculate the remainder when 252 is divided by 4.
0
What is the remainder when 1004 is divided by 67?
66
Calculate the remainder when 513 is divided by 13.
6
What is the remainder when 135 is divided by 46?
43
Calculate the remainder when 464 is divided by 146.
26
Calculate the remainder when 39310 is divided by 56.
54
Calculate the remainder when 76 is divided by 25.
1
What is the remainder when 172 is divided by 29?
27
What is the remainder when 81 is divided by 21?
18
Calculate the remainder when 379 is divided by 189.
1
Calculate the remainder when 59 is divided by 37.
22
What is the remainder when 591 is divided by 18?
15
Calculate the remainder when 719 is divided by 187.
158
Calculate the remainder when 214 is divided by 36.
34
What is the remainder when 3935 is divided by 16?
15
What is the remainder when 127 is divided by 56?
15
What is the remainder when 477 is divided by 93?
12
Calculate the remainder when 12800 is divided by 197.
192
Calculate the remainder when 22 is divided by 20.
2
Calculate the remainder when 189 is divided by 2.
1
What is the remainder when 4792 is divided by 34?
32
Calculate the remainder when 2286 is divided by 152.
6
Calculate the remainder when 108 is divided by 14.
10
Calculate the remainder when 174 is divided by 5.
4
What is the remainder when 612 is divided by 28?
24
What is the remainder when 362 is divided by 101?
59
Calculate the remainder when 136 is divided by 29.
20
Calculate the remainder when 4414 is divided by 130.
124
Calculate the remainder when 41942 is divided by 41.
40
Calculate the remainder when 16 is divided by 6.
4
What is the remainder when 35 is divided by 23?
12
What is the remainder when 9117 is divided by 57?
54
What is the remainder when 746 is divided by 199?
149
Calculate the remainder when 235 is divided by 192.
43
What is the remainder when 569 is divided by 25?
19
Calculate the remainder when 1895 is divided by 13.
10
Calculate the remainder when 314 is divided by 73.
22
Calculate the remainder when 763 is divided by 182.
35
Calculate the remainder when 1567 is divided by 16.
15
What is the remainder when 149 is divided by 43?
20
Calculate the remainder when 654 is divided by 164.
162
Calculate the remainder when 51509 is divided by 21.
17
Calculate the remainder when 241 is divided by 121.
120
What is the remainder when 1223 is div